{"id":47,"date":"2021-03-31T09:02:03","date_gmt":"2021-03-31T02:02:03","guid":{"rendered":"http:\/\/bentre.vietthangloivt.com\/?page_id=47"},"modified":"2021-03-31T09:02:03","modified_gmt":"2021-03-31T02:02:03","slug":"mc-ipexin-100","status":"publish","type":"page","link":"https:\/\/bentre.vietthangloivt.com\/index.php\/mc-ipexin-100\/","title":{"rendered":"<strong>MC IPEXIN 100<\/strong>"},"content":{"rendered":"\n<figure class=\"wp-block-image\"><img decoding=\"async\" src=\"https:\/\/vietthangloivt.com\/wp-content\/uploads\/2021\/03\/hinh-Mc-ipexin-100-2-1.jpg\" alt=\"Mc ipexin vi sinh \u0111\u1eb7c bi\u1ec7t x\u1eed l\u00fd n\u01b0\u1edbc\" class=\"wp-image-95\"\/><\/figure>\n\n\n\n<p><strong>Th\u00e0nh ph\u1ea7n :<\/strong><\/p>\n\n\n\n<p>+ Bacillus subtilis 1.2 x10<sup>9<\/sup>CFU\/g<\/p>\n\n\n\n<p>+ Saccharomyces cerevisiae 1.1 x10<sup>7<\/sup>CFU\/g<\/p>\n\n\n\n<p>+ Bacillus licheniformis 1.0 x10<sup>8<\/sup>CFU\/g<\/p>\n\n\n\n<h3 class=\"wp-block-heading\"><strong>C\u00d4NG D\u1ee4NG<\/strong><\/h3>\n\n\n\n<p>+ X\u1eed l\u00fd ph\u00e2n h\u1ee7y nhanh c\u00e1c ch\u1ea5t th\u1ea3i h\u1eefu c\u01a1&nbsp;<\/p>\n\n\n\n<p>+ X\u1eed l\u00fd ph\u00e2n h\u1ee7y nhanh c\u00e1c th\u1ee9c \u0103n th\u1eeba<\/p>\n\n\n\n<p>+X\u1eed l\u00fd ph\u00e2n h\u1ee7y nhanh ph\u00e2n t\u00f4m &#8211; c\u00e1<\/p>\n\n\n\n<p>+ X\u1eed l\u00fd ph\u00e2n h\u1ee7y nhanh x\u00e1c t\u1ea3o<\/p>\n\n\n\n<p>+ C\u1ea3i thi\u1ec7n ch\u1ea5t l\u01b0\u1ee3ng n\u01b0\u1edbc<\/p>\n\n\n\n<h4 class=\"wp-block-heading\"><strong>H\u01b0\u1edbng d\u1eabn s\u1eed d\u00f9ng<\/strong> :<\/h4>\n\n\n\n<p>+ C\u1ea5y vi sinh ban \u0111\u1ea7u tr\u01b0\u1edbc khi th\u1ea3 150g \/1000M\/ 5-120 con\/M\/ l\u1ea7n tr\u01b0\u1edbc khi th\u1ea3<\/p>\n\n\n\n<p>+ C\u1ea5y l\u1ea7n 2 100g \/1000M\/ 5-120 con\/M\/ 5-7 ng\u00e0y\/l\u1ea7n<\/p>\n\n\n\n<p>Ch\u00fa \u00fd<\/p>\n\n\n\n<p>*** N\u01b0\u1edbc s\u1ea1ch c\u00e1c \u0111\u1ed9ng v\u1eadt trong n\u01b0\u1edbc s\u00f4ng kh\u1ecfe \u0103n \u0111\u01b0\u1ee3c m\u1edbi ph\u00e1t chuy\u1ec1n t\u1ed1t v\u00e0 kh\u1ecfe \u00edt b\u1ec7nh ***<\/p>\n\n\n\n<p>R\u1ea5t quan tr\u1ecdng n\u01b0\u1edbc s\u1ea1ch t\u1ed1t t\u00f4m m\u1edbi \u0103n m\u1ea1nh kh\u1ecfe&nbsp;<\/p>\n\n\n\n<h4 class=\"wp-block-heading\"><strong>Kh\u1ed1i l\u01b0\u1ee3ng : 250g\/g\u00f3i<\/strong><\/h4>\n","protected":false},"excerpt":{"rendered":"<p>Th\u00e0nh ph\u1ea7n : + Bacillus subtilis 1.2 x109CFU\/g + Saccharomyces cerevisiae 1.1 x107CFU\/g + Bacillus licheniformis 1.0 x108CFU\/g C\u00d4NG D\u1ee4NG + X\u1eed l\u00fd ph\u00e2n h\u1ee7y nhanh c\u00e1c ch\u1ea5t th\u1ea3i h\u1eefu c\u01a1&nbsp; + X\u1eed l\u00fd ph\u00e2n h\u1ee7y nhanh c\u00e1c th\u1ee9c \u0103n th\u1eeba +X\u1eed l\u00fd ph\u00e2n h\u1ee7y nhanh ph\u00e2n t\u00f4m &#8211; c\u00e1 + X\u1eed l\u00fd ph\u00e2n h\u1ee7y &hellip; <\/p>\n<p class=\"link-more\"><a href=\"https:\/\/bentre.vietthangloivt.com\/index.php\/mc-ipexin-100\/\" class=\"more-link\">\u0110\u1ecdc ti\u1ebfp<span class=\"screen-reader-text\"> &#8220;<strong>MC IPEXIN 100<\/strong>&#8220;<\/span><\/a><\/p>\n","protected":false},"author":1,"featured_media":0,"parent":0,"menu_order":0,"comment_status":"closed","ping_status":"closed","template":"","meta":{"om_disable_all_campaigns":false,"_monsterinsights_skip_tracking":false,"_monsterinsights_sitenote_active":false,"_monsterinsights_sitenote_note":"","_monsterinsights_sitenote_category":0,"footnotes":""},"class_list":["post-47","page","type-page","status-publish","hentry"],"_links":{"self":[{"href":"https:\/\/bentre.vietthangloivt.com\/index.php\/wp-json\/wp\/v2\/pages\/47","targetHints":{"allow":["GET"]}}],"collection":[{"href":"https:\/\/bentre.vietthangloivt.com\/index.php\/wp-json\/wp\/v2\/pages"}],"about":[{"href":"https:\/\/bentre.vietthangloivt.com\/index.php\/wp-json\/wp\/v2\/types\/page"}],"author":[{"embeddable":true,"href":"https:\/\/bentre.vietthangloivt.com\/index.php\/wp-json\/wp\/v2\/users\/1"}],"replies":[{"embeddable":true,"href":"https:\/\/bentre.vietthangloivt.com\/index.php\/wp-json\/wp\/v2\/comments?post=47"}],"version-history":[{"count":1,"href":"https:\/\/bentre.vietthangloivt.com\/index.php\/wp-json\/wp\/v2\/pages\/47\/revisions"}],"predecessor-version":[{"id":48,"href":"https:\/\/bentre.vietthangloivt.com\/index.php\/wp-json\/wp\/v2\/pages\/47\/revisions\/48"}],"wp:attachment":[{"href":"https:\/\/bentre.vietthangloivt.com\/index.php\/wp-json\/wp\/v2\/media?parent=47"}],"curies":[{"name":"wp","href":"https:\/\/api.w.org\/{rel}","templated":true}]}}