{"id":41,"date":"2021-03-31T08:59:17","date_gmt":"2021-03-31T01:59:17","guid":{"rendered":"http:\/\/bentre.vietthangloivt.com\/?page_id=41"},"modified":"2021-03-31T08:59:17","modified_gmt":"2021-03-31T01:59:17","slug":"dymax-one","status":"publish","type":"page","link":"https:\/\/bentre.vietthangloivt.com\/index.php\/dymax-one\/","title":{"rendered":"<strong>DYMAX ONE<\/strong>"},"content":{"rendered":"\n<figure class=\"wp-block-image is-style-rounded\"><img decoding=\"async\" src=\"https:\/\/vietthangloivt.com\/wp-content\/uploads\/2021\/03\/hinh-Dymax-one-2-2.jpg\" alt=\"Dymax one ch\u1ea5t b\u1ed5 sung vitamin t\u1ed5ng h\u1ee3p\" class=\"wp-image-83\"\/><\/figure>\n\n\n\n<h2 class=\"wp-block-heading\"><strong>C\u00d4NG D\u1ee4NG<\/strong><\/h2>\n\n\n\n<p>+ T\u0103ng s\u1ee9c \u0111\u1ec3 kh\u00e1ng cho T\u00f4m c\u00e1 Cua \u1ebfc \u1ed0c vv..<\/p>\n\n\n\n<p>+ T\u0103ng \u0111\u1ec3 kh\u00e1ng cho Gan<\/p>\n\n\n\n<p>+ T\u0103ng tr\u01b0\u1eddng t\u1ed1t, kh\u1ecfe m\u1ea1nh ph\u1ea5t chuy\u1ec1n t\u1ed1t<\/p>\n\n\n\n<p>+ Gi\u1ea3m c\u0103ng th\u0103ng cho T\u00f4m C\u00e1 Cua Vv&#8230;<\/p>\n\n\n\n<p>+ B\u1ecf s\u00fang vitamin t\u1ed5ng h\u1ee3p<\/p>\n\n\n\n<h4 class=\"wp-block-heading\">Kh\u1ed1i l\u01b0\u1ee3ng : 500g\/h\u1ed9p<\/h4>\n\n\n\n<p><\/p>\n","protected":false},"excerpt":{"rendered":"<p>C\u00d4NG D\u1ee4NG + T\u0103ng s\u1ee9c \u0111\u1ec3 kh\u00e1ng cho T\u00f4m c\u00e1 Cua \u1ebfc \u1ed0c vv.. + T\u0103ng \u0111\u1ec3 kh\u00e1ng cho Gan + T\u0103ng tr\u01b0\u1eddng t\u1ed1t, kh\u1ecfe m\u1ea1nh ph\u1ea5t chuy\u1ec1n t\u1ed1t + Gi\u1ea3m c\u0103ng th\u0103ng cho T\u00f4m C\u00e1 Cua Vv&#8230; + B\u1ecf s\u00fang vitamin t\u1ed5ng h\u1ee3p Kh\u1ed1i l\u01b0\u1ee3ng : 500g\/h\u1ed9p<\/p>\n","protected":false},"author":1,"featured_media":0,"parent":0,"menu_order":0,"comment_status":"closed","ping_status":"closed","template":"","meta":{"om_disable_all_campaigns":false,"_monsterinsights_skip_tracking":false,"_monsterinsights_sitenote_active":false,"_monsterinsights_sitenote_note":"","_monsterinsights_sitenote_category":0,"footnotes":""},"class_list":["post-41","page","type-page","status-publish","hentry"],"_links":{"self":[{"href":"https:\/\/bentre.vietthangloivt.com\/index.php\/wp-json\/wp\/v2\/pages\/41","targetHints":{"allow":["GET"]}}],"collection":[{"href":"https:\/\/bentre.vietthangloivt.com\/index.php\/wp-json\/wp\/v2\/pages"}],"about":[{"href":"https:\/\/bentre.vietthangloivt.com\/index.php\/wp-json\/wp\/v2\/types\/page"}],"author":[{"embeddable":true,"href":"https:\/\/bentre.vietthangloivt.com\/index.php\/wp-json\/wp\/v2\/users\/1"}],"replies":[{"embeddable":true,"href":"https:\/\/bentre.vietthangloivt.com\/index.php\/wp-json\/wp\/v2\/comments?post=41"}],"version-history":[{"count":1,"href":"https:\/\/bentre.vietthangloivt.com\/index.php\/wp-json\/wp\/v2\/pages\/41\/revisions"}],"predecessor-version":[{"id":42,"href":"https:\/\/bentre.vietthangloivt.com\/index.php\/wp-json\/wp\/v2\/pages\/41\/revisions\/42"}],"wp:attachment":[{"href":"https:\/\/bentre.vietthangloivt.com\/index.php\/wp-json\/wp\/v2\/media?parent=41"}],"curies":[{"name":"wp","href":"https:\/\/api.w.org\/{rel}","templated":true}]}}