{"id":23,"date":"2021-03-31T08:44:11","date_gmt":"2021-03-31T01:44:11","guid":{"rendered":"http:\/\/bentre.vietthangloivt.com\/?page_id=23"},"modified":"2021-03-31T08:44:12","modified_gmt":"2021-03-31T01:44:12","slug":"algea-drop","status":"publish","type":"page","link":"https:\/\/bentre.vietthangloivt.com\/index.php\/algea-drop\/","title":{"rendered":"<strong>ALGEA DROP<\/strong>"},"content":{"rendered":"\n<figure class=\"wp-block-image is-style-rounded\"><img decoding=\"async\" src=\"https:\/\/vietthangloivt.com\/wp-content\/uploads\/2021\/03\/hinh-Algae-drop-2-1.jpg\" alt=\"Algae drop ch\u1ea5t di\u1ec7t t\u1ea3o \u0111\u1ed9c\" class=\"wp-image-89\"\/><\/figure>\n\n\n\n<h2 class=\"wp-block-heading\"><strong>C\u00d4NG D\u1ee4NG<\/strong><\/h2>\n\n\n\n<ul class=\"wp-block-list\"><li>Di\u1ec7t tr\u1eeb rong nh\u1edbt, t\u1ea3o \u0111\u00e1y, t\u1ea3o lam v\u00e0 t\u1ea3o s\u1ee3i trong ao nu\u00f4i t\u00f4m<\/li><li>Qu\u1ea3n l\u00fd t\u1ea3o, ng\u0103n ng\u1eeba t\u1ea3o ph\u00e1t tri\u1ec3n qu\u00e1 m\u1ee9c<\/li><li>Ki\u1ec3m so\u00e1t v\u00e0 lo\u1ea1i b\u1ecf c\u00e1c \u0111\u1ed9c t\u1ed1 t\u1eeb t\u1ea3o<\/li><li>Gi\u1ea3m c\u1eaft t\u1ea3o khi m\u1eb7t \u0111\u1ed9 qu\u00e1 cao trong ao nu\u00f4i<\/li><\/ul>\n\n\n\n<h3 class=\"wp-block-heading\"><strong>DUNG T\u00cdCH : 1 L\u00edt\/can<\/strong><\/h3>\n","protected":false},"excerpt":{"rendered":"<p>C\u00d4NG D\u1ee4NG Di\u1ec7t tr\u1eeb rong nh\u1edbt, t\u1ea3o \u0111\u00e1y, t\u1ea3o lam v\u00e0 t\u1ea3o s\u1ee3i trong ao nu\u00f4i t\u00f4m Qu\u1ea3n l\u00fd t\u1ea3o, ng\u0103n ng\u1eeba t\u1ea3o ph\u00e1t tri\u1ec3n qu\u00e1 m\u1ee9c Ki\u1ec3m so\u00e1t v\u00e0 lo\u1ea1i b\u1ecf c\u00e1c \u0111\u1ed9c t\u1ed1 t\u1eeb t\u1ea3o Gi\u1ea3m c\u1eaft t\u1ea3o khi m\u1eb7t \u0111\u1ed9 qu\u00e1 cao trong ao nu\u00f4i DUNG T\u00cdCH : 1 L\u00edt\/can<\/p>\n","protected":false},"author":1,"featured_media":0,"parent":0,"menu_order":0,"comment_status":"closed","ping_status":"closed","template":"","meta":{"om_disable_all_campaigns":false,"_monsterinsights_skip_tracking":false,"_monsterinsights_sitenote_active":false,"_monsterinsights_sitenote_note":"","_monsterinsights_sitenote_category":0,"footnotes":""},"class_list":["post-23","page","type-page","status-publish","hentry"],"_links":{"self":[{"href":"https:\/\/bentre.vietthangloivt.com\/index.php\/wp-json\/wp\/v2\/pages\/23","targetHints":{"allow":["GET"]}}],"collection":[{"href":"https:\/\/bentre.vietthangloivt.com\/index.php\/wp-json\/wp\/v2\/pages"}],"about":[{"href":"https:\/\/bentre.vietthangloivt.com\/index.php\/wp-json\/wp\/v2\/types\/page"}],"author":[{"embeddable":true,"href":"https:\/\/bentre.vietthangloivt.com\/index.php\/wp-json\/wp\/v2\/users\/1"}],"replies":[{"embeddable":true,"href":"https:\/\/bentre.vietthangloivt.com\/index.php\/wp-json\/wp\/v2\/comments?post=23"}],"version-history":[{"count":1,"href":"https:\/\/bentre.vietthangloivt.com\/index.php\/wp-json\/wp\/v2\/pages\/23\/revisions"}],"predecessor-version":[{"id":24,"href":"https:\/\/bentre.vietthangloivt.com\/index.php\/wp-json\/wp\/v2\/pages\/23\/revisions\/24"}],"wp:attachment":[{"href":"https:\/\/bentre.vietthangloivt.com\/index.php\/wp-json\/wp\/v2\/media?parent=23"}],"curies":[{"name":"wp","href":"https:\/\/api.w.org\/{rel}","templated":true}]}}