{"id":145,"date":"2021-04-01T10:15:02","date_gmt":"2021-04-01T03:15:02","guid":{"rendered":"http:\/\/bentre.vietthangloivt.com\/?page_id=145"},"modified":"2021-07-27T08:45:53","modified_gmt":"2021-07-27T01:45:53","slug":"chia-se-kinh-nghiep-chua-benh-hon-40-000-ao-tom-benh","status":"publish","type":"page","link":"https:\/\/bentre.vietthangloivt.com\/index.php\/chia-se-kinh-nghiep-chua-benh-hon-40-000-ao-tom-benh\/","title":{"rendered":"CHIA S\u1eba KINH NGHI\u1ec6P CH\u1eeeA B\u1ec6NH H\u01a0N 40.000 AO T\u00d4M B\u1ec6NH"},"content":{"rendered":"\r\n<h1><span style=\"color: #0000ff;\"><strong><span class=\"has-inline-color has-vivid-cyan-blue-color\">CHIA S\u1eba KINH NGHI\u1ec6P CH\u1eeeA B\u1ec6NH H\u01a0N 40.000 AO T\u00d4M B\u1ec6NH<\/span><\/strong><\/span><\/h1>\r\n\r\n\r\n\r\n<figure class=\"wp-block-image\"><img decoding=\"async\" class=\"wp-image-130\" src=\"https:\/\/vietthangloivt.com\/wp-content\/uploads\/2021\/03\/Hinh-Bac-Ho-1.png\" alt=\"\" \/><\/figure>\r\n\r\n\r\n\r\n<p>T\u00f4i t\u00ean: PORNTHEP SAWETKAMON (Nguy\u1ec5n V\u0103n Th\u1eafng), Vi\u1ec7t ki\u1ec1u\u00a0<strong>Th\u00e1i Lan,\u00a0<\/strong>th\u01b0\u01a1ng nh\u00e2n vi\u1ec7t ki\u1ec1u \u0111\u1ebfn \u0111\u1ea7u t\u01b0 kinh doanh theo ch\u00ednh s\u00e1ch thu h\u00fat c\u1ee7a Ch\u00ednh ph\u1ee7 Vi\u1ec7t Nam, hi\u1ec7n l\u00e0 gi\u00e1m \u0111\u1ed1c C\u00f4ng ty TNHH Vi\u1ec7t Th\u1eafng L\u1ee3i.<\/p>\r\n\r\n\r\n\r\n<p>\u00a0 \u00a0 \u00a0 \u00a0 \u00a0 B\u1ea3n th\u00e2n t\u00f4i \u0111\u00e3 l\u00e0m trong l\u0129nh v\u1ef1c nu\u00f4i tr\u00f4ng th\u1ee7y s\u1ea3n, nghi\u00ean c\u1ee9u m\u00f4i tr\u01b0\u1eddng n\u01b0\u1edbc v\u00e0 nu\u00f4i t\u00f4m, \u0111\u1ebfn nay \u0111\u00e3 24 n\u0103m, \u0111\u00e3 t\u1eebng \u0111i qua r\u1ea5t nhi\u1ec1u t\u1ec9nh th\u00e0nh trong v\u00e0 ngo\u00e0i n\u01b0\u1edbc, t\u00edch g\u00f3p \u0111\u01b0\u1ee3c m\u1ed9t s\u1ed1 kinh nghi\u1ec7m, c\u1ed9ng v\u1edbi quy tr\u00ecnh nu\u00f4i t\u00f4m CN, BCN, QCCT t\u00f4i nghi\u00ean c\u1ee9u th\u1ef1c t\u1ebf nhi\u1ec1u n\u0103m. Ng\u00e0y 21\/09\/2006 Ng\u00e0i Th\u1ee7 T\u01b0\u1edbng Nguy\u1ec5n Xu\u00e2n Ph\u00fac v\u00e0 B\u1ed9 ngo\u00e0i giao \u1ee6y ban v\u1ec1 ng\u01b0\u1eddi Vi\u1ec7t Nam \u1edf n\u01b0\u1edbc ngo\u00e0i Ng\u00e0i Nguy\u1ec5n Ph\u00fa B\u00ecnh t\u1eb7ng b\u1eb1ng khen cho Cty Vi\u1ec7t Th\u1eafng L\u1ee3i v\u00e0 c\u00e1 nh\u00e2n t\u00f4i\u00a0<strong>\u201c\u0110\u00e3 \u0111\u1ea1t th\u00e0nh t\u00edch trong s\u1ea3n xu\u1ea5t, kinh doanh v\u00e0 g\u00f3p ph\u1ea7n x\u00e2y d\u1ef1ng qu\u00ea h\u01b0\u01a1ng, \u0111\u1ea5t n\u01b0\u1edbc\u201d .<\/strong><\/p>\r\n\r\n\r\n\r\n<p>T\u00f4i r\u1ea5t t\u1ef1 h\u00e0o v\u00ec \u0111\u00e3 d\u00f9ng s\u1ea3n ph\u1ea9m c\u1ee7a c\u00f4ng ty VTL, \u0111i ch\u1eefa tr\u1ecb b\u1ec7nh t\u00f4m t\u1eeb B\u1eafc \u0111\u1ebfn Nam, v\u1edbi h\u01a1n 40.000 ao h\u1ed3 nu\u00f4i t\u00f4m b\u1ec7nh, \u0111\u1ec1u \u0111em l\u1ea1i nh\u1eefng k\u1ebft qu\u1ea3 kh\u1ea3 quan trong vi\u1ec7c l\u00e0m s\u1ea1ch m\u00f4i tr\u01b0\u1eddng n\u01b0\u1edbc. MT t\u1ed1t t\u00f4m kh\u1ecfe, h\u1ebft b\u1ec7nh, thu \u0111\u01b0\u1ee3c T\u00f4m.<\/p>\r\n\r\n\r\n\r\n<p>T\u1eeb n\u0103m 1997 \u0111\u1ebfn nay, g\u1ea7n 24 n\u0103m t\u00f4i tr\u1edf v\u1ec1 Vi\u1ec7t Nam \u0111\u1ec3 g\u00f3p ph\u1ea7n x\u00e2y d\u1ef1ng qu\u00ea h\u01b0\u01a1ng, \u0111\u1ea5t n\u01b0\u1edbc M\u1eb9. V\u00e0o th\u1eddi \u0111i\u1ec3m n\u0103m 1995, Vi\u1ec7t Nam ch\u01b0a bi\u1ebft k\u1ef9 thu\u1eadt nu\u00f4i t\u00f4m c\u00f4ng nghi\u1ec7p (CN-BCN), ch\u01b0a bi\u1ebft \u00e9p \u0111\u1ebb gi\u1ed1ng t\u00f4m c\u00f4ng nghi\u1ec7p, ch\u01b0a bi\u1ebft th\u1ee9c \u0103n t\u00f4m c\u00f4ng nghi\u1ec7p.<\/p>\r\n\r\n\r\n\r\n<p>L\u00fac \u0111\u00f3, kh\u00f4ng ai tin ng\u00e0nh T\u00f4m s\u1ebd l\u00e0m cho kinh t\u1ebf T\u1ec9nh ph\u00e1t tri\u1ec3n n\u00f3i ri\u00eang v\u00e0 c\u1ea3 N\u01b0\u1edbc n\u00f3i chung, t\u1ea1o c\u00f4ng \u0103n vi\u1ec7c l\u00e0m cho c\u1ea3 Tri\u1ec7u d\u00e2n. \u00a0\u00a0\u00a0\u00a0B\u1ea3n th\u00e2n t\u00f4i ph\u1ea3i l\u00e0m ao m\u00f4 h\u00ecnh. T\u1ea5t c\u1ea3 ao m\u00f4 h\u00ecnh t\u00f4i chuy\u1ec3n giao k\u1ef9 thu\u1eadt cho n\u00f4ng d\u00e2n v\u00e0 h\u1ecdc sinh qua khuy\u1ebfn ng\u01b0 qu\u1ed1c gia v\u00e0 khuy\u1ebfn ng\u01b0 c\u00e1c T\u1ec9nh, \u0110\u1ea1i h\u1ecdc Th\u1ee7y s\u1ea3n Nha Trang, \u0110\u1ea1i h\u1ecdc n\u00f4ng l\u00e2m TpHCM, Vi\u1ec7n nghi\u00ean c\u1ee9u Th\u1ee7y s\u1ea3n 1 H\u00e0 N\u1ed9i, Vi\u1ec7n nghi\u00ean c\u1ee9u Th\u1ee7y s\u1ea3n-2 TpHCM, Vi\u1ec7n nghi\u00ean c\u1ee9u Th\u1ee7y s\u1ea3n 3 Tp Nh\u00e0 Trang.<\/p>\r\n\r\n\r\n\r\n<h2 class=\"wp-block-heading\"><strong>HI\u1ec6N TH\u01af\u1edcNG TR\u00da<\/strong><\/h2>\r\n\r\n\r\n\r\n<p>N\u0103m 2002, t\u00f4i ra V\u0169ng t\u00e0u s\u1ed1ng \u0111\u1ebfn b\u00e2y gi\u1edd.N\u00f3i ri\u00eang v\u1ec1 t\u1ec9nh BR-VT, t\u00f4i \u0111\u00e3 g\u00f3p s\u1ee9c t\u1eeb n\u0103m 1999 cho HTX Quy\u1ebft Th\u1eafng Anh Tu\u1ea5n, m\u00f4 h\u00ecnh nu\u00f4i t\u00f4m c\u00f4ng nghi\u1ec7p th\u00e0nh c\u00f4ng, \u00a0\u00a0chuy\u1ec3n giao k\u1ef9 thu\u1eadt cho khuy\u1ebfn ng\u01b0 anh Minh, \u00a0\u00a0v\u1ec1 gi\u1ed1ng; Vi\u1ec7n nghi\u00ean c\u1ee9u th\u1ee7y s\u1ea3n 2 anh H\u01b0ng v\u00e0 18 x\u00ed nghi\u1ec7p v\u00e0 \u00a0\u00a0\u00a0\u00a0h\u00f4 tr\u1ea1i gi\u1ed1ng P12, h\u1ea3i \u0111\u0103ng, ph\u01b0\u1edbc th\u1eafng, long h\u1ea3i, xuy\u00ean m\u00f4c, ch\u00ed linh, v\u00e0 x\u00e2y tr\u1ea1i 112 H\u1ea3i \u0111\u0103ng,\u00a0 nh\u1eadp t\u00f4m B\u1ed1 m\u1eb9 v\u1ec1 s\u1ea3n xu\u1ea5t cho m\u1ed7i ng\u01b0\u1eddi th\u1ea5y, l\u00e0m t\u00f4m t\u1ed1t, s\u1ea1ch, kh\u1ecfe t\u1eeb ngu\u1ed3n t\u00f4m b\u1ed1 m\u1eb9 t\u1ed1t.<\/p>\r\n\r\n\r\n\r\n<p>\u00a0\u00a0\u00a0\u00a0\u00a0\u00a0\u00a0 Ri\u00eang \u0111\u1ecba l\u00ed c\u1ee7a BRVT tr\u00ean c\u1ea3 tuy\u1ec7t v\u1eddi; c\u00f3 m\u1ecf d\u00e2u, c\u00f3 c\u1ea3ng l\u1ed1n, c\u00f3 bi\u1ec3n c\u00f3 n\u00fai, n\u01b0\u1edbc ng\u1ecdt n\u01b0\u1edbc l\u1ee3, n\u01b0\u1edbc m\u1eb7n, c\u00f3 2 vi\u1ec7n nghi\u00ean c\u1ee9u ch\u1ebf bi\u1ebfn v\u00e0 nu\u00f4i tr\u1ed3ng, g\u1ea7n Tp l\u1edbn nh\u01b0 TpHCM, \u0110\u00f4ng nai, Binh d\u01b0\u01a1ng \u2013 n\u01a1i ti\u00eau th\u1ee5 s\u1ea3n ph\u1ea9m th\u1ee7y s\u1ea3n l\u1edbn nh\u1ea5t n\u01b0\u1edbc Vi\u1ec7t nam, (ri\u00eang t\u00f4m 10000 t\u1ea5n\/ng\u00e0y ) v\u00e0 c\u00f3 ti\u1ec1m n\u0103ng ri\u00eang v\u1ec1 ph\u00e1t tri\u1ec3n Th\u1ee7y s\u1ea3n nh\u01b0:<\/p>\r\n\r\n\r\n\r\n<p>+ Trung t\u00e2m s\u1ea3n xu\u1ea5t gi\u1ed1ng BM, \u01b0\u01a1m gi\u1ed1ng B\u1ed1 M\u1eb9 qu\u1ed1c gia<\/p>\r\n\r\n\r\n\r\n<p>+ Trung t\u00e2m s\u1ea3n xu\u1ea5t gi\u1ed1ng ch\u1ea5t l\u01b0\u1ee3ng cao<\/p>\r\n\r\n\r\n\r\n<p>+Trung t\u00e2m s\u1ea3n xu\u1ea5t t\u00f4m th\u01b0\u01a1ng ph\u1ea9m c\u00f4ng ngh\u1ec7 cao, t\u00f4m s\u1ea1ch ch\u1ea5t l\u01b0\u1ee3ng l\u00e0m th\u01b0\u01a1ng hi\u1ec7u xu\u1ea5t kh\u1ea9u, t\u1ea1o c\u00f4ng \u0103n vi\u1ec7c l\u00e0m, d\u00e2n th\u00e0nh c\u00f4ng, Cty s\u1ebd th\u00e0nh c\u00f4ng v\u00e0 Nh\u00e0 N\u01b0\u1edbc c\u0169ng th\u00e0nh c\u00f4ng.<\/p>\r\n\r\n\r\n\r\n<p>+ Th\u1ebf gi\u1edbi hi\u1ec7n t\u1ea1i v\u00e0 t\u01b0\u01a1ng lai \u0111ang c\u1ea7n s\u1ea3n ph\u1ea9m du l\u1ecbch trang tr\u1ea1i n\u00f4ng nghi\u1ec7p, Th\u1ee7y s\u1ea3n c\u0169ng l\u00e0 m\u1ed9t s\u1ea3n ph\u1ea9m m\u1edbi cho du l\u1ecbch t\u1ec9nh BRVT m\u00ecnh.<\/p>\r\n\r\n\r\n\r\n<h3 class=\"wp-block-heading\"><strong>N\u0102M NAY R\u1ea4T KH\u00d3 KH\u0102N<\/strong><\/h3>\r\n\r\n\r\n\r\n<p>Ng\u00e0y h\u00f4m nay, t\u00f4i r\u1ea5t vui m\u1eebng \u0111\u01b0\u1ee3c chia s\u1ebb m\u1ed9t \u00edt kinh nghi\u1ec7m trong l\u0129nh v\u1ef1c nu\u00f4i tr\u1ed3ng thu\u1ef7 s\u1ea3n, v\u1edbi hy v\u1ecdng t\u1ec9nh B\u00e0 R\u1ecba-V\u0169ng T\u00e0u s\u1ebd ph\u00e1t tri\u1ec3n kinh t\u1ebf m\u1ed9t c\u00e1ch b\u1ec1n v\u1eefng. M\u1eb7c d\u00f9, n\u0103m nay t\u00f4i r\u1ea5t kh\u00f3 kh\u0103n v\u1ec1 ch\u00ednh s\u00e1ch thu\u1ebf c\u1ee7a B\u1ed9 t\u00e0i ch\u00ednh v\u00e0 T\u1ed5ng c\u1ee5c H\u1ea3i quan.<\/p>\r\n\r\n\r\n\r\n<p>Cu\u1ed1i c\u1ee7ng, t\u00f4i xin ch\u00e2n th\u00e0nh c\u1ea3m \u01a1n, xin ch\u00fac cho t\u1ea5t c\u1ea3 m\u1ecdi ng\u01b0\u1eddi \u0111\u01b0\u1ee3c th\u1eadt nhi\u1ec1u may m\u1eafn v\u00e0 th\u00e0nh c\u00f4ng trong c\u00f4ng vi\u1ec7c,an khang th\u1ecbnh v\u01b0\u1ee3ng, v\u1ea1n s\u1ef1 nh\u01b0 \u00fd trong n\u0103m \u0110inh D\u1eadu.<\/p>\r\n\r\n\r\n\r\n<p>Tr\u00e2n tr\u1ecdng c\u1ea3m \u01a1n.<\/p>\r\n\r\n\r\n\r\n<p>Pornthep Nguy\u1ec5n.<\/p>\r\n","protected":false},"excerpt":{"rendered":"<p>CHIA S\u1eba KINH NGHI\u1ec6P CH\u1eeeA B\u1ec6NH H\u01a0N 40.000 AO T\u00d4M B\u1ec6NH T\u00f4i t\u00ean: PORNTHEP SAWETKAMON (Nguy\u1ec5n V\u0103n Th\u1eafng), Vi\u1ec7t ki\u1ec1u\u00a0Th\u00e1i Lan,\u00a0th\u01b0\u01a1ng nh\u00e2n vi\u1ec7t ki\u1ec1u \u0111\u1ebfn \u0111\u1ea7u t\u01b0 kinh doanh theo ch\u00ednh s\u00e1ch thu h\u00fat c\u1ee7a Ch\u00ednh ph\u1ee7 Vi\u1ec7t Nam, hi\u1ec7n l\u00e0 gi\u00e1m \u0111\u1ed1c C\u00f4ng ty TNHH Vi\u1ec7t Th\u1eafng L\u1ee3i. \u00a0 \u00a0 \u00a0 \u00a0 \u00a0 B\u1ea3n &hellip; <\/p>\n<p class=\"link-more\"><a href=\"https:\/\/bentre.vietthangloivt.com\/index.php\/chia-se-kinh-nghiep-chua-benh-hon-40-000-ao-tom-benh\/\" class=\"more-link\">\u0110\u1ecdc ti\u1ebfp<span class=\"screen-reader-text\"> &#8220;CHIA S\u1eba KINH NGHI\u1ec6P CH\u1eeeA B\u1ec6NH H\u01a0N 40.000 AO T\u00d4M B\u1ec6NH&#8221;<\/span><\/a><\/p>\n","protected":false},"author":1,"featured_media":0,"parent":0,"menu_order":0,"comment_status":"closed","ping_status":"closed","template":"","meta":{"om_disable_all_campaigns":false,"_monsterinsights_skip_tracking":false,"_monsterinsights_sitenote_active":false,"_monsterinsights_sitenote_note":"","_monsterinsights_sitenote_category":0,"footnotes":""},"class_list":["post-145","page","type-page","status-publish","hentry"],"_links":{"self":[{"href":"https:\/\/bentre.vietthangloivt.com\/index.php\/wp-json\/wp\/v2\/pages\/145","targetHints":{"allow":["GET"]}}],"collection":[{"href":"https:\/\/bentre.vietthangloivt.com\/index.php\/wp-json\/wp\/v2\/pages"}],"about":[{"href":"https:\/\/bentre.vietthangloivt.com\/index.php\/wp-json\/wp\/v2\/types\/page"}],"author":[{"embeddable":true,"href":"https:\/\/bentre.vietthangloivt.com\/index.php\/wp-json\/wp\/v2\/users\/1"}],"replies":[{"embeddable":true,"href":"https:\/\/bentre.vietthangloivt.com\/index.php\/wp-json\/wp\/v2\/comments?post=145"}],"version-history":[{"count":2,"href":"https:\/\/bentre.vietthangloivt.com\/index.php\/wp-json\/wp\/v2\/pages\/145\/revisions"}],"predecessor-version":[{"id":209,"href":"https:\/\/bentre.vietthangloivt.com\/index.php\/wp-json\/wp\/v2\/pages\/145\/revisions\/209"}],"wp:attachment":[{"href":"https:\/\/bentre.vietthangloivt.com\/index.php\/wp-json\/wp\/v2\/media?parent=145"}],"curies":[{"name":"wp","href":"https:\/\/api.w.org\/{rel}","templated":true}]}}